{"id":19,"date":"2023-01-09T19:40:11","date_gmt":"2023-01-09T19:40:11","guid":{"rendered":"http:\/\/192.168.0.8\/?page_id=19"},"modified":"2025-05-20T22:57:39","modified_gmt":"2025-05-20T22:57:39","slug":"nosotros","status":"publish","type":"page","link":"https:\/\/acertsa.com\/","title":{"rendered":"Acert SAS"},"content":{"rendered":"\n<h3 class=\"wp-block-heading\">ACERT S.A.S.<\/h3>\n\n\n\n<p>En ACERT S.A.S. tenemos como misi\u00f3n ofrecer servicios especializados de evaluaci\u00f3n de conformidad, contribuyendo a generar confianza y asegurar el cumplimiento de requisitos en los sectores Comercial, Industrial, Gubernamental, Telecomunicaciones y Manufacturero del pa\u00eds.<\/p>\n\n\n\n<h3 class=\"wp-block-heading\">\u00bfQu\u00e9 es la evaluaci\u00f3n de la conformidad?<\/h3>\n\n\n\n<p>La evaluaci\u00f3n de la conformidad consiste en determinar si un producto, servicio o proceso cumple con requisitos espec\u00edficos establecidos en documentos normativos, reglamentarios o contractuales. Estos requisitos pueden estar contenidos en normas t\u00e9cnicas, reglamentos t\u00e9cnicos, fichas t\u00e9cnicas, especificaciones contractuales, \u00f3rdenes de compra, entre otros.<\/p>\n\n\n\n<h3 class=\"wp-block-heading\">Normas t\u00e9cnicas<\/h3>\n\n\n\n<p>Las normas t\u00e9cnicas son documentos que establecen los requisitos m\u00ednimos para asegurar la calidad, seguridad y desempe\u00f1o de productos y servicios. Estos est\u00e1ndares son desarrollados y publicados por organismos reconocidos, como la Organizaci\u00f3n Internacional de Normalizaci\u00f3n (ISO), que re\u00fane a las entidades normativas m\u00e1s importantes de cada pa\u00eds.<\/p>\n\n\n\n<p>En ACERT S.A.S. verificamos el cumplimiento de estas normas t\u00e9cnicas, asegurando que los productos y servicios evaluados cumplan con altos est\u00e1ndares de calidad y seguridad, aportando as\u00ed valor agregado a las empresas y confianza a sus clientes.<\/p>\n\n\n\n<h3 class=\"wp-block-heading\">Reglamentos t\u00e9cnicos<\/h3>\n\n\n\n<p>Los reglamentos t\u00e9cnicos son normas t\u00e9cnicas cuya observancia es obligatoria por ley. Estos requisitos deben cumplirse estrictamente para poder comercializar productos en un pa\u00eds determinado y suelen estar respaldados por legislaci\u00f3n nacional o supranacional, como el Acuerdo sobre Obst\u00e1culos T\u00e9cnicos al Comercio (OTC) de la Organizaci\u00f3n Mundial del Comercio (OMC).<\/p>\n\n\n\n<p>En ACERT S.A.S. ayudamos a nuestros clientes a cumplir con estos reglamentos t\u00e9cnicos obligatorios, facilitando la entrada de productos a distintos mercados y promoviendo la competitividad empresarial.<\/p>\n\n\n\n<div class=\"wp-block-cover alignfull is-light\" style=\"margin-top:0;min-height:172px;aspect-ratio:unset;\"><span aria-hidden=\"true\" class=\"wp-block-cover__background has-black-background-color has-background-dim-0 has-background-dim\"><\/span><img decoding=\"async\" class=\"wp-block-cover__image-background wp-image-61\" alt=\"\" src=\"https:\/\/img.rawpixel.com\/s3fs-private\/rawpixel_images\/website_content\/a017-eberhard-cco-the-after-rain.jpg?w=1200&amp;h=1200&amp;fit=clip&amp;crop=default&amp;dpr=1&amp;q=75&amp;vib=3&amp;con=3&amp;usm=15&amp;cs=srgb&amp;bg=F4F4F3&amp;ixlib=js-2.2.1&amp;s=e7b4ca0a0edcc84ba48c1f7ebf02dd5a\" style=\"object-position:50% 50%\" data-object-fit=\"cover\" data-object-position=\"50% 50%\"\/><div class=\"wp-block-cover__inner-container is-layout-flow wp-block-cover-is-layout-flow\">\n<p class=\"has-text-align-center\">Carrrera 18 84-87 Of 204 Bogot\u00e1 &#8211; servicio@acertsa.com <\/p>\n\n\n\n<div style=\"height:50px\" aria-hidden=\"true\" class=\"wp-block-spacer\"><\/div>\n<\/div><\/div>\n","protected":false},"excerpt":{"rendered":"<p>ACERT S.A.S. En ACERT S.A.S. tenemos como misi\u00f3n ofrecer servicios especializados de evaluaci\u00f3n de conformidad, contribuyendo a generar confianza y asegurar el cumplimiento de requisitos en los sectores Comercial, Industrial, Gubernamental, Telecomunicaciones y Manufacturero del pa\u00eds. \u00bfQu\u00e9 es la evaluaci\u00f3n de la conformidad? La evaluaci\u00f3n de la conformidad consiste en determinar si un producto, servicio&#8230;<\/p>\n<p class=\"more-link-wrap\"><a href=\"https:\/\/acertsa.com\/\" class=\"more-link\">Read More<span class=\"screen-reader-text\"> &ldquo;Acert SAS&rdquo;<\/span> &raquo;<\/a><\/p>\n","protected":false},"author":1,"featured_media":0,"parent":0,"menu_order":0,"comment_status":"closed","ping_status":"closed","template":"","meta":{"two_page_speed":[],"footnotes":""},"class_list":["post-19","page","type-page","status-publish","hentry"],"_links":{"self":[{"href":"https:\/\/acertsa.com\/index.php\/wp-json\/wp\/v2\/pages\/19"}],"collection":[{"href":"https:\/\/acertsa.com\/index.php\/wp-json\/wp\/v2\/pages"}],"about":[{"href":"https:\/\/acertsa.com\/index.php\/wp-json\/wp\/v2\/types\/page"}],"author":[{"embeddable":true,"href":"https:\/\/acertsa.com\/index.php\/wp-json\/wp\/v2\/users\/1"}],"replies":[{"embeddable":true,"href":"https:\/\/acertsa.com\/index.php\/wp-json\/wp\/v2\/comments?post=19"}],"version-history":[{"count":41,"href":"https:\/\/acertsa.com\/index.php\/wp-json\/wp\/v2\/pages\/19\/revisions"}],"predecessor-version":[{"id":879,"href":"https:\/\/acertsa.com\/index.php\/wp-json\/wp\/v2\/pages\/19\/revisions\/879"}],"wp:attachment":[{"href":"https:\/\/acertsa.com\/index.php\/wp-json\/wp\/v2\/media?parent=19"}],"curies":[{"name":"wp","href":"https:\/\/api.w.org\/{rel}","templated":true}]}}