{"id":188,"date":"2023-01-15T00:16:04","date_gmt":"2023-01-15T00:16:04","guid":{"rendered":"http:\/\/192.168.0.7\/?page_id=188"},"modified":"2023-04-09T21:45:22","modified_gmt":"2023-04-09T21:45:22","slug":"sello-ambiental-colombiano-hoteles","status":"publish","type":"page","link":"https:\/\/acertsa.com\/index.php\/sello-ambiental-colombiano-hoteles\/","title":{"rendered":"Sello Ambiental Colombiano Hoteles"},"content":{"rendered":"\n<div class=\"wp-block-columns is-layout-flex wp-container-core-columns-is-layout-1 wp-block-columns-is-layout-flex\">\n<div class=\"wp-block-column is-layout-flow wp-block-column-is-layout-flow\"><div class=\"wp-block-image\">\n<figure class=\"aligncenter size-full\"><img loading=\"lazy\" decoding=\"async\" width=\"300\" height=\"168\" src=\"http:\/\/acertsa.com\/wp-content\/uploads\/2023\/04\/sac1.jpg\" alt=\"\" class=\"wp-image-451\"\/><\/figure><\/div><\/div>\n<\/div>\n\n\n\n<p>El Sello Ambiental Colombiano para hoteles con la norma NTC 5133 es un esquema de certificaci\u00f3n que reconoce a los establecimientos de alojamiento que cumplen con est\u00e1ndares ambientales y de sostenibilidad. La norma NTC 5133 establece los requisitos para la gesti\u00f3n ambiental en los hoteles, que incluyen aspectos como el uso de energ\u00eda y agua, la gesti\u00f3n de residuos, la conservaci\u00f3n de la biodiversidad y la promoci\u00f3n de pr\u00e1cticas sostenibles.<\/p>\n\n\n\n<p>La certificaci\u00f3n con este sello es beneficiosa para los establecimientos de alojamiento por varias razones. En primer lugar, ayuda a los hoteles a cumplir con las regulaciones ambientales y a reducir su impacto ambiental. Adem\u00e1s, la certificaci\u00f3n tambi\u00e9n puede mejorar la imagen y credibilidad del hotel, ya que demuestra su compromiso con la sostenibilidad y puede atraer a turistas que buscan un ambiente sostenible.<\/p>\n\n\n\n<p>Adem\u00e1s, los hoteles certificados tambi\u00e9n pueden experimentar ahorros econ\u00f3micos al reducir su consumo de energ\u00eda y agua, y al implementar pr\u00e1cticas de gesti\u00f3n de residuos eficientes.<\/p>\n","protected":false},"excerpt":{"rendered":"<p>El Sello Ambiental Colombiano para hoteles con la norma NTC 5133 es un esquema de certificaci\u00f3n que reconoce a los establecimientos de alojamiento que cumplen con est\u00e1ndares ambientales y de sostenibilidad. La norma NTC 5133 establece los requisitos para la gesti\u00f3n ambiental en los hoteles, que incluyen aspectos como el uso de energ\u00eda y agua,&#8230;<\/p>\n<p class=\"more-link-wrap\"><a href=\"https:\/\/acertsa.com\/index.php\/sello-ambiental-colombiano-hoteles\/\" class=\"more-link\">Read More<span class=\"screen-reader-text\"> &ldquo;Sello Ambiental Colombiano Hoteles&rdquo;<\/span> &raquo;<\/a><\/p>\n","protected":false},"author":1,"featured_media":0,"parent":0,"menu_order":0,"comment_status":"closed","ping_status":"closed","template":"","meta":{"two_page_speed":[],"footnotes":""},"class_list":["post-188","page","type-page","status-publish","hentry"],"_links":{"self":[{"href":"https:\/\/acertsa.com\/index.php\/wp-json\/wp\/v2\/pages\/188"}],"collection":[{"href":"https:\/\/acertsa.com\/index.php\/wp-json\/wp\/v2\/pages"}],"about":[{"href":"https:\/\/acertsa.com\/index.php\/wp-json\/wp\/v2\/types\/page"}],"author":[{"embeddable":true,"href":"https:\/\/acertsa.com\/index.php\/wp-json\/wp\/v2\/users\/1"}],"replies":[{"embeddable":true,"href":"https:\/\/acertsa.com\/index.php\/wp-json\/wp\/v2\/comments?post=188"}],"version-history":[{"count":1,"href":"https:\/\/acertsa.com\/index.php\/wp-json\/wp\/v2\/pages\/188\/revisions"}],"predecessor-version":[{"id":452,"href":"https:\/\/acertsa.com\/index.php\/wp-json\/wp\/v2\/pages\/188\/revisions\/452"}],"wp:attachment":[{"href":"https:\/\/acertsa.com\/index.php\/wp-json\/wp\/v2\/media?parent=188"}],"curies":[{"name":"wp","href":"https:\/\/api.w.org\/{rel}","templated":true}]}}