{"id":185,"date":"2023-01-15T00:15:41","date_gmt":"2023-01-15T00:15:41","guid":{"rendered":"http:\/\/192.168.0.7\/?page_id=185"},"modified":"2025-03-19T18:01:01","modified_gmt":"2025-03-19T18:01:01","slug":"certificacion-destinos-sostenibilidad","status":"publish","type":"page","link":"https:\/\/acertsa.com\/index.php\/certificacion-destinos-sostenibilidad\/","title":{"rendered":"Certificaci\u00f3n Destinos Sostenibilidad"},"content":{"rendered":"\n<div class=\"wp-block-columns alignwide is-layout-flex wp-container-core-columns-is-layout-1 wp-block-columns-is-layout-flex\">\n<div class=\"wp-block-column is-layout-flow wp-block-column-is-layout-flow\" style=\"flex-basis:25%\">\n<figure class=\"wp-block-gallery has-nested-images columns-1 is-cropped wp-block-gallery-1 is-layout-flex wp-block-gallery-is-layout-flex\">\n<figure class=\"wp-block-image size-full\"><img loading=\"lazy\" decoding=\"async\" width=\"275\" height=\"183\" src=\"https:\/\/acertsa.com\/wp-content\/uploads\/2023\/04\/destino-usiacuri-1.jpg\" alt=\"\" class=\"wp-image-435\"\/><\/figure>\n\n\n\n<figure class=\"wp-block-image size-full\"><img loading=\"lazy\" decoding=\"async\" width=\"259\" height=\"194\" src=\"https:\/\/acertsa.com\/wp-content\/uploads\/2023\/04\/la-macarena-1.jpg\" alt=\"\" class=\"wp-image-436\"\/><\/figure>\n\n\n\n<figure class=\"wp-block-image size-full\"><img loading=\"lazy\" decoding=\"async\" width=\"276\" height=\"183\" src=\"https:\/\/acertsa.com\/wp-content\/uploads\/2023\/04\/sta-fe-ant.jpg\" alt=\"\" class=\"wp-image-437\"\/><\/figure>\n<\/figure>\n<\/div>\n\n\n\n<div class=\"wp-block-column is-layout-flow wp-block-column-is-layout-flow\" style=\"flex-basis:50%\">\n<p><\/p>\n\n\n\n<h3 class=\"wp-block-heading\">Certificaci\u00f3n de Destinos Sostenibles seg\u00fan NTC 6725:2023<\/h3>\n\n\n\n<p>ACERT S.A. ofrece certificaci\u00f3n en sostenibilidad para destinos tur\u00edsticos conforme a la norma t\u00e9cnica colombiana NTC 6725:2023, que reemplaza a la anterior NTS-TS 001-1. Esta norma busca fortalecer la sostenibilidad ambiental, social, cultural y econ\u00f3mica de los destinos tur\u00edsticos, aline\u00e1ndose con est\u00e1ndares internacionales del Consejo Global de Turismo Sostenible (GSTC).<\/p>\n\n\n\n<h3 class=\"wp-block-heading\">Beneficios de la certificaci\u00f3n<\/h3>\n\n\n\n<ul class=\"wp-block-list\">\n<li>Mejora del desempe\u00f1o sostenible del destino.<\/li>\n\n\n\n<li>Incremento de la confianza y atracci\u00f3n de visitantes.<\/li>\n\n\n\n<li>Mayor competitividad tur\u00edstica nacional e internacional.<\/li>\n<\/ul>\n\n\n\n<h3 class=\"wp-block-heading\">Dimensiones evaluadas<\/h3>\n\n\n\n<ul class=\"wp-block-list\">\n<li>Gesti\u00f3n sostenible.<\/li>\n\n\n\n<li>Sostenibilidad ambiental.<\/li>\n\n\n\n<li>Sostenibilidad social.<\/li>\n\n\n\n<li>Sostenibilidad cultural y econ\u00f3mica.<\/li>\n<\/ul>\n\n\n\n<p>ACERT S.A. acompa\u00f1a a los destinos tur\u00edsticos en todo el proceso de certificaci\u00f3n, promoviendo un turismo responsable y competitivo.<\/p>\n<\/div>\n\n\n\n<div class=\"wp-block-column is-layout-flow wp-block-column-is-layout-flow\" style=\"flex-basis:25%\">\n<figure class=\"wp-block-gallery has-nested-images columns-1 is-cropped wp-block-gallery-2 is-layout-flex wp-block-gallery-is-layout-flex\">\n<figure class=\"wp-block-image size-full\"><img loading=\"lazy\" decoding=\"async\" width=\"259\" height=\"195\" src=\"http:\/\/acertsa.com\/wp-content\/uploads\/2023\/04\/turismo1.jpg\" alt=\"\" class=\"wp-image-415\"\/><\/figure>\n\n\n\n<figure class=\"wp-block-image size-full\"><img loading=\"lazy\" decoding=\"async\" width=\"259\" height=\"194\" src=\"http:\/\/acertsa.com\/wp-content\/uploads\/2023\/04\/giron.jpg\" alt=\"\" class=\"wp-image-440\"\/><\/figure>\n\n\n\n<figure class=\"wp-block-image size-full\"><img loading=\"lazy\" decoding=\"async\" width=\"259\" height=\"194\" src=\"http:\/\/acertsa.com\/wp-content\/uploads\/2023\/04\/socorro.jpg\" alt=\"\" class=\"wp-image-439\"\/><\/figure>\n<\/figure>\n<\/div>\n<\/div>\n","protected":false},"excerpt":{"rendered":"<p>Certificaci\u00f3n de Destinos Sostenibles seg\u00fan NTC 6725:2023 ACERT S.A. ofrece certificaci\u00f3n en sostenibilidad para destinos tur\u00edsticos conforme a la norma t\u00e9cnica colombiana NTC 6725:2023, que reemplaza a la anterior NTS-TS 001-1. Esta norma busca fortalecer la sostenibilidad ambiental, social, cultural y econ\u00f3mica de los destinos tur\u00edsticos, aline\u00e1ndose con est\u00e1ndares internacionales del Consejo Global de Turismo&#8230;<\/p>\n<p class=\"more-link-wrap\"><a href=\"https:\/\/acertsa.com\/index.php\/certificacion-destinos-sostenibilidad\/\" class=\"more-link\">Read More<span class=\"screen-reader-text\"> &ldquo;Certificaci\u00f3n Destinos Sostenibilidad&rdquo;<\/span> &raquo;<\/a><\/p>\n","protected":false},"author":1,"featured_media":0,"parent":0,"menu_order":0,"comment_status":"closed","ping_status":"closed","template":"","meta":{"two_page_speed":[],"footnotes":""},"class_list":["post-185","page","type-page","status-publish","hentry"],"_links":{"self":[{"href":"https:\/\/acertsa.com\/index.php\/wp-json\/wp\/v2\/pages\/185"}],"collection":[{"href":"https:\/\/acertsa.com\/index.php\/wp-json\/wp\/v2\/pages"}],"about":[{"href":"https:\/\/acertsa.com\/index.php\/wp-json\/wp\/v2\/types\/page"}],"author":[{"embeddable":true,"href":"https:\/\/acertsa.com\/index.php\/wp-json\/wp\/v2\/users\/1"}],"replies":[{"embeddable":true,"href":"https:\/\/acertsa.com\/index.php\/wp-json\/wp\/v2\/comments?post=185"}],"version-history":[{"count":3,"href":"https:\/\/acertsa.com\/index.php\/wp-json\/wp\/v2\/pages\/185\/revisions"}],"predecessor-version":[{"id":847,"href":"https:\/\/acertsa.com\/index.php\/wp-json\/wp\/v2\/pages\/185\/revisions\/847"}],"wp:attachment":[{"href":"https:\/\/acertsa.com\/index.php\/wp-json\/wp\/v2\/media?parent=185"}],"curies":[{"name":"wp","href":"https:\/\/api.w.org\/{rel}","templated":true}]}}