{"id":173,"date":"2023-01-15T00:13:56","date_gmt":"2023-01-15T00:13:56","guid":{"rendered":"http:\/\/192.168.0.7\/?page_id=173"},"modified":"2023-04-09T21:37:44","modified_gmt":"2023-04-09T21:37:44","slug":"certificacion-sostenibilidad-en-turismo","status":"publish","type":"page","link":"https:\/\/acertsa.com\/index.php\/certificacion-sostenibilidad-en-turismo\/","title":{"rendered":"Certificaci\u00f3n Sostenibilidad en Turismo"},"content":{"rendered":"\n<div class=\"wp-block-columns alignwide is-layout-flex wp-container-core-columns-is-layout-1 wp-block-columns-is-layout-flex\">\n<div class=\"wp-block-column is-layout-flow wp-block-column-is-layout-flow\" style=\"flex-basis:33.33%\">\n<figure class=\"wp-block-gallery has-nested-images columns-1 is-cropped wp-block-gallery-1 is-layout-flex wp-block-gallery-is-layout-flex\">\n<figure class=\"wp-block-image size-large\"><img loading=\"lazy\" decoding=\"async\" width=\"768\" height=\"1024\" src=\"http:\/\/acertsa.com\/wp-content\/uploads\/2023\/04\/VENTILACION-768x1024.jpeg\" alt=\"\" class=\"wp-image-346\" srcset=\"https:\/\/acertsa.com\/wp-content\/uploads\/2023\/04\/VENTILACION-768x1024.jpeg 768w, https:\/\/acertsa.com\/wp-content\/uploads\/2023\/04\/VENTILACION-225x300.jpeg 225w, https:\/\/acertsa.com\/wp-content\/uploads\/2023\/04\/VENTILACION-1152x1536.jpeg 1152w, https:\/\/acertsa.com\/wp-content\/uploads\/2023\/04\/VENTILACION.jpeg 1200w\" sizes=\"(max-width: 768px) 100vw, 768px\" \/><\/figure>\n\n\n\n<figure class=\"wp-block-image size-large\"><img loading=\"lazy\" decoding=\"async\" width=\"768\" height=\"1024\" src=\"http:\/\/acertsa.com\/wp-content\/uploads\/2023\/04\/sostenibildad-768x1024.jpeg\" alt=\"\" class=\"wp-image-352\" srcset=\"https:\/\/acertsa.com\/wp-content\/uploads\/2023\/04\/sostenibildad-768x1024.jpeg 768w, https:\/\/acertsa.com\/wp-content\/uploads\/2023\/04\/sostenibildad-225x300.jpeg 225w, https:\/\/acertsa.com\/wp-content\/uploads\/2023\/04\/sostenibildad-1152x1536.jpeg 1152w, https:\/\/acertsa.com\/wp-content\/uploads\/2023\/04\/sostenibildad.jpeg 1200w\" sizes=\"(max-width: 768px) 100vw, 768px\" \/><\/figure>\n\n\n\n<figure class=\"wp-block-image size-large\"><img loading=\"lazy\" decoding=\"async\" width=\"768\" height=\"1024\" src=\"http:\/\/acertsa.com\/wp-content\/uploads\/2023\/04\/hibitacion-hotel-768x1024.jpeg\" alt=\"\" class=\"wp-image-351\" srcset=\"https:\/\/acertsa.com\/wp-content\/uploads\/2023\/04\/hibitacion-hotel-768x1024.jpeg 768w, https:\/\/acertsa.com\/wp-content\/uploads\/2023\/04\/hibitacion-hotel-225x300.jpeg 225w, https:\/\/acertsa.com\/wp-content\/uploads\/2023\/04\/hibitacion-hotel-1152x1536.jpeg 1152w, https:\/\/acertsa.com\/wp-content\/uploads\/2023\/04\/hibitacion-hotel.jpeg 1200w\" sizes=\"(max-width: 768px) 100vw, 768px\" \/><\/figure>\n<\/figure>\n<\/div>\n\n\n\n<div class=\"wp-block-column is-layout-flow wp-block-column-is-layout-flow\" style=\"flex-basis:66.66%\">\n<p>La certificaci\u00f3n con las normas t\u00e9cnicas sectoriales de sostenibilidad del Ministerio de Comercio, Industria y Turismo es una excelente manera de garantizar la sostenibilidad en el sector tur\u00edstico de Colombia. Estas normas establecen los requisitos y est\u00e1ndares para los diferentes segmentos del sector tur\u00edstico, como destinos tur\u00edsticos, establecimientos de alojamiento y hospedaje, agencias de viajes, establecimientos gastron\u00f3micos, empresas de transporte, playas tur\u00edsticas, organizadores de congresos y ferias, y empresas comercializadoras de esquemas de tiempo compartido y multipropiedad.<\/p>\n\n\n\n<p>La certificaci\u00f3n con estas normas t\u00e9cnicas ayuda a garantizar que los diferentes segmentos del sector tur\u00edstico cumplan con los requisitos de sostenibilidad, como el uso sostenible de los recursos naturales, la protecci\u00f3n de la biodiversidad, y la promoci\u00f3n de pr\u00e1cticas sostenibles. Esto contribuye a la conservaci\u00f3n de los atractivos tur\u00edsticos y a la promoci\u00f3n de un turismo responsable.<\/p>\n\n\n\n<p>Adem\u00e1s, la certificaci\u00f3n tambi\u00e9n puede mejorar la imagen y credibilidad de los establecimientos tur\u00edsticos certificados, lo que puede atraer a m\u00e1s turistas y aumentar los ingresos del sector tur\u00edstico.<\/p>\n\n\n\n<p>En resumen, la certificaci\u00f3n con las normas t\u00e9cnicas sectoriales de sostenibilidad del Ministerio de Comercio, Industria y Turismo es una excelente manera de garantizar la sostenibilidad en el sector tur\u00edstico de Colombia. Estas normas ayudan a promover pr\u00e1cticas sostenibles, mejorar la imagen y credibilidad de los establecimientos tur\u00edsticos certificados, y contribuyen a la conservaci\u00f3n de los atractivos tur\u00edsticos. Es recomendable que las empresas tur\u00edsticas se certifiquen con estas normas para mejorar su competitividad y atractivo en el mercado.<\/p>\n<\/div>\n<\/div>\n","protected":false},"excerpt":{"rendered":"<p>La certificaci\u00f3n con las normas t\u00e9cnicas sectoriales de sostenibilidad del Ministerio de Comercio, Industria y Turismo es una excelente manera de garantizar la sostenibilidad en el sector tur\u00edstico de Colombia. Estas normas establecen los requisitos y est\u00e1ndares para los diferentes segmentos del sector tur\u00edstico, como destinos tur\u00edsticos, establecimientos de alojamiento y hospedaje, agencias de viajes,&#8230;<\/p>\n<p class=\"more-link-wrap\"><a href=\"https:\/\/acertsa.com\/index.php\/certificacion-sostenibilidad-en-turismo\/\" class=\"more-link\">Read More<span class=\"screen-reader-text\"> &ldquo;Certificaci\u00f3n Sostenibilidad en Turismo&rdquo;<\/span> &raquo;<\/a><\/p>\n","protected":false},"author":1,"featured_media":0,"parent":0,"menu_order":0,"comment_status":"closed","ping_status":"closed","template":"","meta":{"two_page_speed":[],"footnotes":""},"class_list":["post-173","page","type-page","status-publish","hentry"],"_links":{"self":[{"href":"https:\/\/acertsa.com\/index.php\/wp-json\/wp\/v2\/pages\/173"}],"collection":[{"href":"https:\/\/acertsa.com\/index.php\/wp-json\/wp\/v2\/pages"}],"about":[{"href":"https:\/\/acertsa.com\/index.php\/wp-json\/wp\/v2\/types\/page"}],"author":[{"embeddable":true,"href":"https:\/\/acertsa.com\/index.php\/wp-json\/wp\/v2\/users\/1"}],"replies":[{"embeddable":true,"href":"https:\/\/acertsa.com\/index.php\/wp-json\/wp\/v2\/comments?post=173"}],"version-history":[{"count":1,"href":"https:\/\/acertsa.com\/index.php\/wp-json\/wp\/v2\/pages\/173\/revisions"}],"predecessor-version":[{"id":446,"href":"https:\/\/acertsa.com\/index.php\/wp-json\/wp\/v2\/pages\/173\/revisions\/446"}],"wp:attachment":[{"href":"https:\/\/acertsa.com\/index.php\/wp-json\/wp\/v2\/media?parent=173"}],"curies":[{"name":"wp","href":"https:\/\/api.w.org\/{rel}","templated":true}]}}