{"id":170,"date":"2023-01-15T00:13:31","date_gmt":"2023-01-15T00:13:31","guid":{"rendered":"http:\/\/192.168.0.7\/?page_id=170"},"modified":"2023-04-09T21:35:19","modified_gmt":"2023-04-09T21:35:19","slug":"certificacion-ropa-y-calzado","status":"publish","type":"page","link":"https:\/\/acertsa.com\/index.php\/certificacion-ropa-y-calzado\/","title":{"rendered":"Certificaci\u00f3n Ropa y Calzado"},"content":{"rendered":"\n<div class=\"wp-block-columns is-layout-flex wp-container-core-columns-is-layout-1 wp-block-columns-is-layout-flex\">\n<div class=\"wp-block-column is-layout-flow wp-block-column-is-layout-flow\" style=\"flex-basis:66.66%\">\n<p>Las normas t\u00e9cnicas del Ministerio de Defensa &#8211;  NTMD -son esenciales para garantizar la calidad y seguridad de las compras de ropa, calzado y material de intendencia para las Fuerzas Armadas. Estas normas establecen los requisitos y est\u00e1ndares para estos productos y garantizan que cumplen con los requisitos necesarios para su uso en condiciones extremas, como el campo de batalla, y para garantizar la seguridad y bienestar de los soldados.<\/p>\n\n\n\n<p>Por ejemplo, las normas t\u00e9cnicas para ropa y calzado deben garantizar que estos productos sean resistentes al agua, al fuego, al viento y al fr\u00edo, y deben ser transpirables para garantizar la comodidad de los soldados. Adem\u00e1s, deben ser resistentes al desgaste y al desgarro para garantizar que duren en condiciones dif\u00edciles.<\/p>\n\n\n\n<p>Las normas t\u00e9cnicas para el material de intendencia deben garantizar que estos productos sean seguros y saludables para su uso, que sean resistentes al desgaste y al clima, y que sean f\u00e1ciles de transportar y almacenar.<\/p>\n\n\n\n<p>La implementaci\u00f3n de estas normas t\u00e9cnicas ayuda a garantizar que las Fuerzas Armadas tengan el equipo necesario para cumplir con sus misiones, garantizando la seguridad y bienestar de los soldados y polic\u00edas, y ayudando a mejorar la eficacia y eficiencia en las operaciones diarias y especiales.<\/p>\n\n\n\n<p>En resumen, las normas t\u00e9cnicas del Ministerio de Defensa son esenciales para garantizar la calidad y seguridad de las compras de ropa, calzado y material de intendencia para las Fuerzas Armadas. Estas normas establecen los requisitos y est\u00e1ndares para estos productos y garantizan que cumplen con los requisitos necesarios para su uso en condiciones extremas, contribuyendo al bienestar de los soldados y mejorando la eficacia y eficiencia en el trabajo diario.<\/p>\n<\/div>\n\n\n\n<div class=\"wp-block-column is-layout-flow wp-block-column-is-layout-flow\" style=\"flex-basis:33.33%\">\n<figure class=\"wp-block-gallery has-nested-images columns-1 is-cropped wp-block-gallery-1 is-layout-flex wp-block-gallery-is-layout-flex\">\n<figure class=\"wp-block-image size-large\"><img decoding=\"async\" src=\"http:\/\/acertsa.com\/wp-content\/uploads\/2023\/04\/mindef-2-1024x768.jpg\" alt=\"\" class=\"wp-image-373\"\/><\/figure>\n\n\n\n<figure class=\"wp-block-image size-large\"><img decoding=\"async\" src=\"http:\/\/acertsa.com\/wp-content\/uploads\/2023\/04\/mindef-zap-1-1024x768.jpg\" alt=\"\" class=\"wp-image-374\"\/><\/figure>\n\n\n\n<figure class=\"wp-block-image size-full\"><img loading=\"lazy\" decoding=\"async\" width=\"225\" height=\"225\" src=\"http:\/\/acertsa.com\/wp-content\/uploads\/2023\/04\/camuflada.jpg\" alt=\"\" class=\"wp-image-443\" srcset=\"https:\/\/acertsa.com\/wp-content\/uploads\/2023\/04\/camuflada.jpg 225w, https:\/\/acertsa.com\/wp-content\/uploads\/2023\/04\/camuflada-150x150.jpg 150w\" sizes=\"(max-width: 225px) 100vw, 225px\" \/><\/figure>\n<\/figure>\n<\/div>\n<\/div>\n","protected":false},"excerpt":{"rendered":"<p>Las normas t\u00e9cnicas del Ministerio de Defensa &#8211; NTMD -son esenciales para garantizar la calidad y seguridad de las compras de ropa, calzado y material de intendencia para las Fuerzas Armadas. Estas normas establecen los requisitos y est\u00e1ndares para estos productos y garantizan que cumplen con los requisitos necesarios para su uso en condiciones extremas,&#8230;<\/p>\n<p class=\"more-link-wrap\"><a href=\"https:\/\/acertsa.com\/index.php\/certificacion-ropa-y-calzado\/\" class=\"more-link\">Read More<span class=\"screen-reader-text\"> &ldquo;Certificaci\u00f3n Ropa y Calzado&rdquo;<\/span> &raquo;<\/a><\/p>\n","protected":false},"author":1,"featured_media":0,"parent":0,"menu_order":0,"comment_status":"closed","ping_status":"closed","template":"","meta":{"two_page_speed":[],"footnotes":""},"class_list":["post-170","page","type-page","status-publish","hentry"],"_links":{"self":[{"href":"https:\/\/acertsa.com\/index.php\/wp-json\/wp\/v2\/pages\/170"}],"collection":[{"href":"https:\/\/acertsa.com\/index.php\/wp-json\/wp\/v2\/pages"}],"about":[{"href":"https:\/\/acertsa.com\/index.php\/wp-json\/wp\/v2\/types\/page"}],"author":[{"embeddable":true,"href":"https:\/\/acertsa.com\/index.php\/wp-json\/wp\/v2\/users\/1"}],"replies":[{"embeddable":true,"href":"https:\/\/acertsa.com\/index.php\/wp-json\/wp\/v2\/comments?post=170"}],"version-history":[{"count":1,"href":"https:\/\/acertsa.com\/index.php\/wp-json\/wp\/v2\/pages\/170\/revisions"}],"predecessor-version":[{"id":444,"href":"https:\/\/acertsa.com\/index.php\/wp-json\/wp\/v2\/pages\/170\/revisions\/444"}],"wp:attachment":[{"href":"https:\/\/acertsa.com\/index.php\/wp-json\/wp\/v2\/media?parent=170"}],"curies":[{"name":"wp","href":"https:\/\/api.w.org\/{rel}","templated":true}]}}