{"id":138,"date":"2023-01-14T23:10:29","date_gmt":"2023-01-14T23:10:29","guid":{"rendered":"http:\/\/192.168.0.7\/?page_id=138"},"modified":"2026-03-02T11:33:34","modified_gmt":"2026-03-02T11:33:34","slug":"prueba","status":"publish","type":"page","link":"https:\/\/acertsa.com\/index.php\/prueba\/","title":{"rendered":"Documentos"},"content":{"rendered":"<style id=\"wpforms-css-vars-root\">\n\t\t\t\t:root {\n\t\t\t\t\t--wpforms-field-border-radius: 3px;\n--wpforms-field-background-color: #ffffff;\n--wpforms-field-border-color: rgba( 0, 0, 0, 0.25 );\n--wpforms-field-text-color: rgba( 0, 0, 0, 0.7 );\n--wpforms-label-color: rgba( 0, 0, 0, 0.85 );\n--wpforms-label-sublabel-color: rgba( 0, 0, 0, 0.55 );\n--wpforms-label-error-color: #d63637;\n--wpforms-button-border-radius: 3px;\n--wpforms-button-background-color: #066aab;\n--wpforms-button-text-color: #ffffff;\n--wpforms-field-size-input-height: 43px;\n--wpforms-field-size-input-spacing: 15px;\n--wpforms-field-size-font-size: 16px;\n--wpforms-field-size-line-height: 19px;\n--wpforms-field-size-padding-h: 14px;\n--wpforms-field-size-checkbox-size: 16px;\n--wpforms-field-size-sublabel-spacing: 5px;\n--wpforms-field-size-icon-size: 1;\n--wpforms-label-size-font-size: 16px;\n--wpforms-label-size-line-height: 19px;\n--wpforms-label-size-sublabel-font-size: 14px;\n--wpforms-label-size-sublabel-line-height: 17px;\n--wpforms-button-size-font-size: 17px;\n--wpforms-button-size-height: 41px;\n--wpforms-button-size-padding-h: 15px;\n--wpforms-button-size-margin-top: 10px;\n\n\t\t\t\t}\n\t\t\t<\/style>\n\n\n<p><a href=\"https:\/\/drive.google.com\/file\/d\/1tmqDMiq1bw85f_QnlYxqYhvhnLiJpUfs\/view?usp=sharing\" data-type=\"link\" data-id=\"https:\/\/drive.google.com\/file\/d\/1tmqDMiq1bw85f_QnlYxqYhvhnLiJpUfs\/view?usp=sharing\" target=\"_blank\" rel=\"noreferrer noopener\">Condiciones Generales del servicio de certificaci\u00f3n de productos y servicio MSL-01<\/a><\/p>\n\n\n\n<p><a href=\"http:\/\/acertsa.com\/wp-content\/uploads\/2025\/03\/INS-2-CONDICIONES-GENERALES-DE-LA-INSPECCION.pdf\" target=\"_blank\" rel=\"noreferrer noopener\">Condiciones generales del servicio de inspecci\u00f3n INS-2<\/a><\/p>\n\n\n\n<p><a href=\"https:\/\/drive.google.com\/file\/d\/1Oi0ufEdnfqIIRlMLk7zRQnXQBukJ2CYy\/view?usp=sharing\" target=\"_blank\" rel=\"noreferrer noopener\">C\u00f3digo de \u00e9tica Organismo de Certificaci\u00f3n de Productos y Servicios<\/a><\/p>\n\n\n\n<p><a href=\"https:\/\/drive.google.com\/file\/d\/1F6Kqu5hIwESSoKNDPKqxpW367500w_b5\/view\" target=\"_blank\" rel=\"noreferrer noopener\">C\u00f3digo de \u00e9tica Organismo de Inspecci\u00f3n<\/a><\/p>\n\n\n\n<p><a href=\"http:\/\/acertsa.com\/wp-content\/uploads\/2025\/03\/GIN-1-IMPARCIALIDAD.pdf\" target=\"_blank\" rel=\"noreferrer noopener\">IMPARCIALIDAD E INDEPENDENCIA EN INSPECCIONES  GIN-1<\/a><\/p>\n\n\n\n<p><a href=\"http:\/\/acertsa.com\/wp-content\/uploads\/2025\/03\/GER-04-IMPARCIALIDAD.pdf\">GER-04 IMPARCIALIDAD EN CERTIFICACI\u00d3N DE PRODUCTOS Y SERVICIOS<\/a><\/p>\n\n\n\n<p><a href=\"https:\/\/drive.google.com\/file\/d\/1gQN2LX9pREtP0WZkHNut7qKSShE8M_c3\/view?usp=sharing\" target=\"_blank\" rel=\"noreferrer noopener\">PROCEDIMIENTO PARA QUEJAS y APELACIONES CERTIFICACI\u00d3N DE PRODUCTO SGC-05 <\/a><\/p>\n\n\n\n<p><a href=\"http:\/\/acertsa.com\/wp-content\/uploads\/2024\/02\/IGC-8-PROCEDIMIENTO-PARA-QUEJAS-Y-APELACIONES.pdf\" data-type=\"URL\" target=\"_blank\" rel=\"noreferrer noopener\">IGC-8 PROCEDIMIENTO PARA QUEJAS Y APELACIONES EN INSPECCI\u00d3N DE ASCENSORES<\/a><\/p>\n\n\n\n<p><a href=\"http:\/\/acertsa.com\/wp-content\/uploads\/2025\/03\/FTO-SGC-01-1-POLITICA-DE-CALIDAD.pdf\" target=\"_blank\" rel=\"noreferrer noopener\">Pol\u00edtica de Calidad Organismo de Inspecci\u00f3n<\/a><\/p>\n\n\n\n<p><a href=\"https:\/\/drive.google.com\/file\/d\/1QZLDWt4BHTly-WzYBP6v90SsMZQSe3pJ\/view?usp=sharing\">Pol\u00edtica de tratamiento de los datos personales<\/a><\/p>\n\n\n\n<p><\/p>\n","protected":false},"excerpt":{"rendered":"<p>Condiciones Generales del servicio de certificaci\u00f3n de productos y servicio MSL-01 Condiciones generales del servicio de inspecci\u00f3n INS-2 C\u00f3digo de \u00e9tica Organismo de Certificaci\u00f3n de Productos y Servicios C\u00f3digo de \u00e9tica Organismo de Inspecci\u00f3n IMPARCIALIDAD E INDEPENDENCIA EN INSPECCIONES GIN-1 GER-04 IMPARCIALIDAD EN CERTIFICACI\u00d3N DE PRODUCTOS Y SERVICIOS PROCEDIMIENTO PARA QUEJAS y APELACIONES CERTIFICACI\u00d3N DE&#8230;<\/p>\n<p class=\"more-link-wrap\"><a href=\"https:\/\/acertsa.com\/index.php\/prueba\/\" class=\"more-link\">Read More<span class=\"screen-reader-text\"> &ldquo;Documentos&rdquo;<\/span> &raquo;<\/a><\/p>\n","protected":false},"author":1,"featured_media":0,"parent":0,"menu_order":0,"comment_status":"closed","ping_status":"closed","template":"","meta":{"two_page_speed":[],"footnotes":""},"class_list":["post-138","page","type-page","status-publish","hentry"],"_links":{"self":[{"href":"https:\/\/acertsa.com\/index.php\/wp-json\/wp\/v2\/pages\/138"}],"collection":[{"href":"https:\/\/acertsa.com\/index.php\/wp-json\/wp\/v2\/pages"}],"about":[{"href":"https:\/\/acertsa.com\/index.php\/wp-json\/wp\/v2\/types\/page"}],"author":[{"embeddable":true,"href":"https:\/\/acertsa.com\/index.php\/wp-json\/wp\/v2\/users\/1"}],"replies":[{"embeddable":true,"href":"https:\/\/acertsa.com\/index.php\/wp-json\/wp\/v2\/comments?post=138"}],"version-history":[{"count":24,"href":"https:\/\/acertsa.com\/index.php\/wp-json\/wp\/v2\/pages\/138\/revisions"}],"predecessor-version":[{"id":882,"href":"https:\/\/acertsa.com\/index.php\/wp-json\/wp\/v2\/pages\/138\/revisions\/882"}],"wp:attachment":[{"href":"https:\/\/acertsa.com\/index.php\/wp-json\/wp\/v2\/media?parent=138"}],"curies":[{"name":"wp","href":"https:\/\/api.w.org\/{rel}","templated":true}]}}